y 36?
22
Calculate the remainder when 137 is divided by 14.
11
Calculate the remainder when 113 is divided by 31.
20
What is the remainder when 177 is divided by 27?
15
What is the remainder when 86 is divided by 32?
22
Calculate the remainder when 136 is divided by 42.
10
Calculate the remainder when 29 is divided by 10.
9
Calculate the remainder when 605 is divided by 6.
5
What is the remainder when 236 is divided by 118?
0
What is the remainder when 1351 is divided by 33?
31
Calculate the remainder when 1539 is divided by 80.
19
What is the remainder when 197 is divided by 12?
5
Calculate the remainder when 658 is divided by 12.
10
What is the remainder when 816 is divided by 63?
60
What is the remainder when 1878 is divided by 19?
16
What is the remainder when 415 is divided by 43?
28
Calculate the remainder when 207 is divided by 16.
15
Calculate the remainder when 102 is divided by 89.
13
Calculate the remainder when 235 is divided by 17.
14
Calculate the remainder when 732 is divided by 360.
12
What is the remainder when 441 is divided by 2?
1
Calculate the remainder when 17 is divided by 7.
3
What is the remainder when 279 is divided by 11?
4
What is the remainder when 26791 is divided by 34?
33
What is the remainder when 1302 is divided by 1293?
9
Calculate the remainder when 4576 is divided by 1525.
1
What is the remainder when 68 is divided by 25?
18
What is the remainder when 605 is divided by 77?
66
Calculate the remainder when 581 is divided by 152.
125
What is the remainder when 129 is divided by 44?
41
What is the remainder when 30 is divided by 14?
2
Calculate the remainder when 8496 is divided by 1698.
6
What is the remainder when 881 is divided by 68?
65
What is the remainder when 198 is divided by 191?
7
Calculate the remainder when 243 is divided by 4.
3
Calculate the remainder when 254 is divided by 70.
44
What is the remainder when 2191 is divided by 17?
15
Calculate the remainder when 30068 is divided by 10.
8
What is the remainder when 33992 is divided by 27?
26
What is the remainder when 5549 is divided by 75?
74
Calculate the remainder when 1258 is divided by 30.
28
What is the remainder when 4512 is divided by 74?
72
Calculate the remainder when 1122 is divided by 373.
3
Calculate the remainder when 308 is divided by 287.
21
Calculate the remainder when 1623 is divided by 405.
3
What is the remainder when 166 is divided by 30?
16
What is the remainder when 339 is divided by 59?
44
What is the remainder when 72 is divided by 35?
2
Calculate the remainder when 2067 is divided by 45.
42
Calculate the remainder when 367 is divided by 76.
63
Calculate the remainder when 1102 is divided by 138.
136
What is the remainder when 67 is divided by 24?
19
Calculate the remainder when 184 is divided by 56.
16
What is the remainder when 120 is divided by 61?
59
What is the remainder when 148 is divided by 51?
46
What is the remainder when 486 is divided by 8?
6
What is the remainder when 470 is divided by 43?
40
Calculate the remainder when 132 is divided by 40.
12
Calculate the remainder when 137 is divided by 29.
21
Calculate the remainder when 537 is divided by 54.
51
What is the remainder when 127 is divided by 3?
1
Calculate the remainder when 120 is divided by 9.
3
What is the remainder when 339 is divided by 60?
39
Calculate the remainder when 107 is divided by 31.
14
What is the remainder when 783 is divided by 372?
39
What is the remainder when 335 is divided by 12?
11
What is the remainder when 459 is divided by 149?
12
Calculate the remainder when 6947 is divided by 129.
110
What is the remainder when 1057 is divided by 243?
85
What is the remainder when 147 is divided by 44?
15
What is the remainder when 127 is divided by 28?
15
What is the remainder when 57 is divided by 29?
28
What is the remainder when 8 is divided by 6?
2
Calculate the remainder when 26 is divided by 25.
1
Calculate the remainder when 134 is divided by 54.
26
What is the remainder when 162 is divided by 120?
42
Calculate the remainder when 57 is divided by 3.
0
What is the remainder when 7420 is divided by 1235?
10
What is the remainder when 439 is divided by 63?
61
Calculate the remainder when 226 is divided by 12.
10
Calculate the remainder when 158 is divided by 62.
34
Calculate the remainder when 1037 is divided by 65.
62
What is the remainder when 253 is divided by 79?
16
What is the remainder when 1069 is divided by 67?
64
Calculate the remainder when 2097 is divided by 140.
137
Calculate the remainder when 1018 is divided by 36.
10
What is the remainder when 5268 is divided by 85?
83
What is the remainder when 904 is divided by 860?
44
What is the remainder when 14 is divided by 3?
2
Calculate the remainder when 471 is divided by 79.
76
What is the remainder when 180 is divided by 61?
58
What is the remainder when 310 is divided by 157?
153
What is the remainder when 673 is divided by 25?
23
Calculate the remainder when 184 is divided by 117.
67
What is the remainder when 410 is divided by 68?
2
Calculate the remainder when 1998 is divided by 50.
48
What is the remainder when 57 is divided by 22?
13
What is the remainder when 599 is divided by 6?
5
What is the remainder when 16509 is divided by 26?
25
Calculate the remainder when 3015 is divided by 83.
27
What is the remainder when 925 is divided by 30?
25
What is the remainder when 584 is divided by 41?
10
Calculate the remainder when 1863 is divided by 79.
46
Calculate the remainder when 213 is divided by 24.
21
What is the remainder when 502 is divided by 4?
2
What is the remainder when 246 is divided by 86?
74
Calculate the remainder when 255 is divided by 48.
15
Calculate the remainder when 2138 is divided by 113.
104
What is the remainder when 935 is divided by 16?
7
What is the remainder when 570 is divided by 254?
62
Calculate the remainder when 282 is divided by 177.
105
What is the remainder when 87 is divided by 23?
18
What is the remainder when 400 is divided by 58?
52
What is the remainder when 204 is divided by 78?
48
What is the remainder when 789 is divided by 18?
15
What is the remainder when 101 is divided by 22?
13
Calculate the remainder when 4742 is divided by 7.
3
What is the remainder when 357 is divided by 60?
57
Calculate the remainder when 1816 is divided by 17.
14
Calculate the remainder when 42 is divided by 7.
0
What is the remainder when 1469 is divided by 14?
13
What is the remainder when 3198 is divided by 25?
23
What is the remainder when 23393 is divided by 5?
3
What is the remainder when 1773 is divided by 14?
9
Calculate the remainder when 1568 is divided by 51.
38
What is the remainder when 243 is divided by 70?
33
Calculate the remainder when 4737 is divided by 140.
117
What is the remainder when 18520 is divided by 13?
8
Calculate the remainder when 2249 is divided by 1124.
1
Calculate the remainder when 199 is divided by 54.
37
Calculate the remainder when 1660 is divided by 14.
8
Calculate the remainder when 87 is divided by 26.
9
What is the remainder when 1020 is divided by 143?
19
What is the remainder when 289 is divided by 48?
1
What is the remainder when 1914 is divided by 14?
10
Calculate the remainder when 393 is divided by 93.
21
What is the remainder when 1415 is divided by 1409?
6
What is the remainder when 80 is divided by 42?
38
Calculate the remainder when 2346 is divided by 47.
43
Calculate the remainder when 205 is divided by 108.
97
What is the remainder when 106 is divided by 10?
6
What is the remainder when 26479 is divided by 12?
7
Calculate the remainder when 1611 is divided by 62.
61
What is the remainder when 5079 is divided by 40?
39
What is the remainder when 421 is divided by 118?
67
Calculate the remainder when 419 is divided by 30.
29
Calculate the remainder when 226 is divided by 76.
74
What is the remainder when 1083 is divided by 5?
3
What is the remainder when 1345 is divided by 90?
85
What is the remainder when 1357 is divided by 10?
7
What is the remainder when 280 is divided by 72?
64
Calculate the remainder when 201 is divided by 53.
42
Calculate the remainder when 140 is divided by 135.
5
What is the remainder when 2999 is divided by 39?
35
Calculate the remainder when 142 is divided by 28.
2
Calculate the rem